n o(-7) is divided by 64.
57
Suppose 5*r + 3952 = 3*n, 4*n - 5020 = 3*r + 231. Calculate the remainder when n is divided by 69.
67
Suppose -8*v + 13*v = 3*n + 70, -2*n = 0. Suppose -3*t + 7*t + 68 = 0. Let f = t + 55. What is the remainder when f is divided by v?
10
Suppose 0 = -3*d - n - 131, 4*d + 129 = d - 3*n. Let u = d - -46. Suppose -402 = -u*j - 144. Calculate the remainder when j is divided by 19.
15
Suppose -5*p + 4*m = -4720, 2*m = 36*p - 32*p - 3776. What is the remainder when p is divided by 22?
20
Suppose w + 0*z - 18 = -3*z, 4*w = -3*z + 63. Suppose -w*t = 826 - 5116. Calculate the remainder when t is divided by 17.
14
Suppose 2*a - 450 = -32*j + 34*j, -5*j + 40 = 0. Calculate the remainder when a is divided by 108.
17
Suppose -d + t - 321 = -3*t, -5*d = -4*t + 1573. Let w = d - -401. Calculate the remainder when w is divided by 34.
20
Let z(c) = -4*c**2 + 40*c + 13. Let w(n) = -n**3 + 12*n**2 + 9*n + 8. Let v = 23 + -11. Calculate the remainder when w(v) is divided by z(10).
12
Suppose -333 = 13*t - 1074. Suppose -6 = -90*z + 88*z, -4*z = 3*w - t. What is the remainder when 100 is divided by w?
10
Let h = -19080 + 20774. Calculate the remainder when h is divided by 169.
4
Let d = -8 + 27. What is the remainder when 33 - (-1)/2*8 is divided by d?
18
Suppose -156*y = 164*y - 363520. Calculate the remainder when y is divided by 35.
16
Let o be 3/(((-2)/18)/(-1)). Suppose -o - 48 = -3*y. Suppose 5*d = y - 0. What is the remainder when 29 is divided by d?
4
Let s = 32 + -29. Calculate the remainder when 0 + (-7)/21 - (-37)/s is divided by 2.
0
Suppose -8*t + 721 = 121. Let m(l) = 2*l**2 - 4*l. Let q be m(3). What is the remainder when t is divided by (-2)/q + 160/12?
10
Let o = 115 + -146. Let a = o + 44. What is the remainder when 103 is divided by a?
12
Let m = 1942 - 1930. Calculate the remainder when 38 is divided by m.
2
Let l(k) = 2*k**2 + 3*k - 21. Let r be 16/6*(-81)/(-6). Let q = r + -21. Calculate the remainder when q is divided by l(3).
3
Let p = -26 + 30. Let s(g) = 5*g + 47. Calculate the remainder when s(p) is divided by 10.
7
Let v = -65 - 53. Let a = v + 176. Calculate the remainder when a is divided by 6.
4
What is the remainder when -3126*8/16*(1 - 8/3) is divided by 218?
207
Let o = 491 - 2229. What is the remainder when 204 is divided by o/(-110) - 1/(-5)?
12
What is the remainder when 3769 - (0 + 0)/((-6 + 7)/(-1)) is divided by 46?
43
Let r = -1898 + 1925. What is the remainder when 215 is divided by r?
26
Let o(c) = 13*c + 79. Let k be o(-6). Let f(p) = 26*p**2 - 4*p + 5. What is the remainder when f(k) is divided by 11?
5
Suppose -201 = -3*f + 5*c, 3*f = -0*f + 3*c + 195. Suppose 27402*g - 8601 = 27355*g. Calculate the remainder when g is divided by f.
59
Suppose -4*k = k - 405. Let h(s) = 22*s - 203. Calculate the remainder when k is divided by h(10).
13
Suppose 3*c + 0*c - 368 = -167. Calculate the remainder when c is divided by (1 - 10)/((-1)/1).
4
Let n = -4285 - -4337. What is the remainder when 149 is divided by n?
45
Let y(n) = -2*n**3 - 63*n**2 + 26*n + 36. Let g = 222 - 254. Calculate the remainder when y(g) is divided by 59.
51
Let u = 40 + -29. Let y = u - 10. Let t = 39 + y. What is the remainder when 238 is divided by t?
38
Suppose -92*w = -89*w - 105. Suppose -5*p - w = -f, -3*f - 5*p + 28 + 37 = 0. What is the remainder when 38 is divided by f?
13
Let g(m) = -m**3 + 2*m**2 + 6*m + 2. Let w be g(3). Suppose 0 = -w*d + 130 + 68. Calculate the remainder when d is divided by 7.
4
Suppose -2*j + 4*j = -10, -13 = -2*y + j. Suppose -y*x - 1673 = -2129. Calculate the remainder when x is divided by 13.
10
Suppose 0 = i + 13 - 21. Suppose -53 = -i*p + 179. Suppose 216 = 4*d + 3*o, -o = -6*o - 20. Calculate the remainder when d is divided by p.
28
Suppose -130*y + 57318 = 103*y. What is the remainder when 1735 is divided by y?
13
Suppose 4*w - 4*o - 2132 = 0, 46 = -w - 5*o + 585. What is the remainder when w is divided by 18?
12
Suppose -5*z = 5*w - 50 - 5, -4*z + 2 = w. Let m(o) = o**2 - 20*o - 73. Let j be m(23). Calculate the remainder when (j + 20/4)/((-3)/(-201)) is divided by w.
11
Suppose -4*b + 87 = -5*r, 6*b = -r + 101 + 72. What is the remainder when 121 is divided by b?
9
Let c = 898 + -805. What is the remainder when 446 is divided by c?
74
Let l(j) = j**3 + 19*j**2 - 67*j + 187. What is the remainder when l(9) is divided by 62?
54
Let v = -27557 + 29326. Calculate the remainder when v is divided by 180.
149
Calculate the remainder when 7496 is divided by (2 - 11241/6)/((-221)/442).
10
Let g = -90 - -469. Suppose -b - b = 4*j - 170, 4*b = 5*j + g. Suppose 3*x - b - 36 = -4*q, -173 = -5*x + 3*q. Calculate the remainder when x is divided by 20.
17
Let c = -27918 + 27970. Calculate the remainder when 782 is divided by c.
2
Calculate the remainder when 1015/(-290)*544/(-14) is divided by 89.
47
Suppose 0 = -4*t - 20, 4*v + 6*t = 3*t - 1919. Calculate the remainder when 18 is divided by ((-2)/8)/(-1*(-7)/v).
1
Let i = -706 - -713. Let d be (-27)/(-2)*14/3. Let o = -36 + d. Calculate the remainder when o is divided by i.
6
Let m(k) = -k**3 + 26*k**2 - 35*k - 37. What is the remainder when m(24) is divided by 42?
23
Let k = -63 + 67. Suppose -17 = 3*j - k*j + 4*u, -2*j - 2*u = -64. Calculate the remainder when 230 is divided by j.
27
Let m(j) = 49*j**2 - j + 1. Let o(d) be the first derivative of 3*d**2/2 + d + 1. Let z be o(-1). What is the remainder when m(z) is divided by 40?
39
Suppose 1433*u = 1435*u - 4*h - 914, -5*h = 5*u - 2240. Calculate the remainder when u is divided by 90.
1
Suppose -4*j + j = 2*y - 938, 0 = j + 2*y - 306. Let o = -574 - -620. What is the remainder when j is divided by o?
40
Let h = -988 + 2357. Let w = h + -713. What is the remainder when w is divided by 94?
92
Suppose u + 4*p - 30 = 0, -4*u + u + 2*p + 90 = 0. Let q = -861 + 853. Let i = u + q. Calculate the remainder when 42 is divided by i.
20
Let t(j) = -j**2 - 10*j - 6. Let o be t(-4). Suppose -o = -3*b + p, -2*b = -p + 4*p - 12. Calculate the remainder when b is divided by 3.
0
Suppose 4*i = 20, -4*g - i + 128 = -g. Let w(t) = g*t**2 - 20*t**2 + 2 + 14*t - 22*t**2. Calculate the remainder when w(5) is divided by 12.
11
Suppose 0 = -5*b - 15, 5*j + 10 = -b + 2. Let w = j + 4. Suppose 0 = 4*d + w*d - 133. What is the remainder when d is divided by 11?
8
Let u(m) be the third derivative of -m**6/60 - m**5/60 + m**4/12 + m**3/2 - 24*m**2 + 2. Calculate the remainder when 37 is divided by u(-2).
4
Suppose -6*w + 3*g + 419 = -2*w, -2*g - 314 = -3*w. Suppose -l - 27 + w = 0. What is the remainder when l is divided by 42?
35
Suppose -100 = -f - 2*i, -f + 3*f + i = 215. Let v = 339 - 156. Let p = v - f. What is the remainder when p is divided by 19?
16
Let p(c) = -56*c + 2952. What is the remainder when p(17) is divided by 26?
24
Let q be 6960/54 - (-1)/9. Let p = -117 + q. What is the remainder when 52 is divided by p?
4
Let p(w) = -w**3 + 42*w**2 - 10*w + 510. Calculate the remainder when 526 is divided by p(42).
76
Suppose w - 5*k - 48 = 0, -50 = -0*w - w + 3*k. Suppose 850 + 711 = 223*x. What is the remainder when w is divided by x?
4
Let f(u) = u**3 - 127*u**2 - 113*u - 1904. What is the remainder when 1091 is divided by f(128)?
3
Suppose 0 = -0*g + 29*g - 4437. What is the remainder when g is divided by 33?
21
Let i(q) = q**2 - 6*q + 2. Let y be i(21). Suppose y = 6*d + 161. Calculate the remainder when d is divided by 6.
2
Let n(c) = 16 + 29 - 57 + 3*c + 21 - 2*c. Calculate the remainder when 122 is divided by n(8).
3
Suppose 1846*f + 1462 = 1880*f. What is the remainder when 3955 is divided by f?
42
Suppose 10 + 2 = 2*w - 3*d, 5*w - 80 = -5*d. What is the remainder when (40/(-42))/(352/(-7392)) is divided by w?
8
Let c(r) = -358*r - 7495. What is the remainder when 18306 is divided by c(-21)?
21
Let g(a) = -88 + 6*a**2 + 7*a**2 + 3*a**2 + 16*a - 15*a**2. Calculate the remainder when 64 is divided by g(6).
20
Suppose 0 = 5*x + 4*u + 6, u + 1 = -x - 0*u. Let h = 157 - 149. What is the remainder when 2/x*(-41 - -10) is divided by h?
7
Let b(k) = 19*k - 90*k**3 - 92*k**3 - 25 - 18*k**2 + 183*k**3. Let m = 70 + -27. Calculate the remainder when m is divided by b(17).
7
Suppose -11*d + 3 = -30. Suppose -4*w = -3*i - 2